 by 774?
13
What is the remainder when 1817 is divided by 157?
90
What is the remainder when 12929 is divided by 1606?
81
Calculate the remainder when 132706 is divided by 106.
100
Calculate the remainder when 44695 is divided by 44695.
0
What is the remainder when 2437 is divided by 2057?
380
What is the remainder when 3649 is divided by 390?
139
Calculate the remainder when 56311 is divided by 3752.
31
Calculate the remainder when 40594 is divided by 40545.
49
What is the remainder when 4013 is divided by 1724?
565
Calculate the remainder when 874 is divided by 5.
4
What is the remainder when 36565 is divided by 12116?
217
What is the remainder when 254474 is divided by 61?
43
Calculate the remainder when 4067 is divided by 1038.
953
What is the remainder when 17978 is divided by 402?
290
Calculate the remainder when 973 is divided by 199.
177
Calculate the remainder when 357748 is divided by 88.
28
Calculate the remainder when 106926 is divided by 21356.
146
Calculate the remainder when 417 is divided by 365.
52
What is the remainder when 131718 is divided by 23?
20
What is the remainder when 3833 is divided by 763?
18
Calculate the remainder when 6209 is divided by 283.
266
Calculate the remainder when 5778 is divided by 47.
44
Calculate the remainder when 950 is divided by 131.
33
What is the remainder when 2811 is divided by 48?
27
Calculate the remainder when 45684 is divided by 23.
6
Calculate the remainder when 19301 is divided by 26.
9
Calculate the remainder when 23946 is divided by 113.
103
Calculate the remainder when 6964 is divided by 1832.
1468
Calculate the remainder when 1077640 is divided by 18.
16
Calculate the remainder when 43158 is divided by 260.
258
What is the remainder when 48060 is divided by 14?
12
Calculate the remainder when 99062 is divided by 56.
54
Calculate the remainder when 6416 is divided by 3063.
290
What is the remainder when 90439 is divided by 270?
259
Calculate the remainder when 21284 is divided by 21197.
87
Calculate the remainder when 1852 is divided by 463.
0
Calculate the remainder when 6738 is divided by 374.
6
Calculate the remainder when 635 is divided by 547.
88
What is the remainder when 220441 is divided by 121?
100
Calculate the remainder when 162995 is divided by 239.
236
What is the remainder when 8938 is divided by 684?
46
Calculate the remainder when 41329 is divided by 136.
121
What is the remainder when 4168 is divided by 275?
43
What is the remainder when 2331411 is divided by 57?
54
What is the remainder when 406741 is divided by 150?
91
Calculate the remainder when 78723 is divided by 112.
99
What is the remainder when 260415 is divided by 58?
53
Calculate the remainder when 4258 is divided by 60.
58
What is the remainder when 41962 is divided by 51?
40
Calculate the remainder when 728110 is divided by 38.
30
What is the remainder when 5850 is divided by 20?
10
Calculate the remainder when 159428 is divided by 20.
8
What is the remainder when 10132 is divided by 4933?
266
What is the remainder when 65996 is divided by 40?
36
What is the remainder when 61435 is divided by 278?
275
Calculate the remainder when 993 is divided by 63.
48
What is the remainder when 52146 is divided by 26057?
32
What is the remainder when 56473 is divided by 395?
383
What is the remainder when 519457 is divided by 95?
92
What is the remainder when 5722 is divided by 517?
35
What is the remainder when 66316 is divided by 154?
96
What is the remainder when 1187339 is divided by 330?
329
Calculate the remainder when 323291 is divided by 113.
111
What is the remainder when 204171 is divided by 398?
395
Calculate the remainder when 4733 is divided by 414.
179
What is the remainder when 4804 is divided by 537?
508
What is the remainder when 20532 is divided by 1594?
1404
Calculate the remainder when 562488 is divided by 752.
744
Calculate the remainder when 9089 is divided by 212.
185
Calculate the remainder when 3751 is divided by 2744.
1007
What is the remainder when 308 is divided by 11?
0
Calculate the remainder when 2463 is divided by 481.
58
Calculate the remainder when 1656827 is divided by 783.
782
What is the remainder when 27759 is divided by 13?
4
What is the remainder when 760 is divided by 731?
29
Calculate the remainder when 18524 is divided by 8947.
630
What is the remainder when 4655 is divided by 282?
143
What is the remainder when 58086 is divided by 66?
6
What is the remainder when 730 is divided by 540?
190
What is the remainder when 105950 is divided by 17657?
8
Calculate the remainder when 31939 is divided by 107.
53
What is the remainder when 2377 is divided by 748?
133
What is the remainder when 20543 is divided by 1582?
1559
What is the remainder when 49332 is divided by 3794?
10
Calculate the remainder when 14315 is divided by 366.
41
Calculate the remainder when 135361 is divided by 74.
15
Calculate the remainder when 269 is divided by 92.
85
Calculate the remainder when 1779 is divided by 325.
154
Calculate the remainder when 15622 is divided by 28.
26
What is the remainder when 104446 is divided by 12?
10
Calculate the remainder when 756 is divided by 146.
26
Calculate the remainder when 60656 is divided by 60.
56
What is the remainder when 259961 is divided by 192?
185
What is the remainder when 5091 is divided by 268?
267
What is the remainder when 1775 is divided by 148?
147
Calculate the remainder when 1114 is divided by 1107.
7
What is the remainder when 3026 is divided by 394?
268
What is the remainder when 2112754 is divided by 415?
404
Calculate the remainder when 1630 is divided by 530.
40
What is the remainder when 16491 is divided by 29?
19
Calculate the remainder when 4708 is divided by 63.
46
What is the remainder when 119151 is divided by 1632?
15
Calculate the remainder when 6600 is divided by 254.
250
What is the remainder when 7472 is divided by 136?
128
What is the remainder when 4312 is divided by 4275?
37
What is the remainder when 15030 is divided by 91?
15
Calculate the remainder when 6872998 is divided by 1160.
1158
Calculate the remainder when 3596 is divided by 313.
153
What is the remainder when 205538 is divided by 18?
14
What is the remainder when 9368 is divided by 63?
44
Calculate the remainder when 6185 is divided by 1542.
17
What is the remainder when 497101 is divided by 12?
1
Calculate the remainder when 6136 is divided by 48.
40
Calculate the remainder when 2525555 is divided by 114.
113
Calculate the remainder when 2231 is divided by 377.
346
What is the remainder when 35208 is divided by 1461?
144
Calculate the remainder when 1295 is divided by 168.
119
What is the remainder when 28628 is divided by 217?
201
Calculate the remainder when 177763 is divided by 88870.
23
Calculate the remainder when 123282 is divided by 238.
236
What is the remainder when 1618011 is divided by 2241?
9
Calculate the remainder when 17435 is divided by 585.
470
What is the remainder when 66682 is divided by 749?
21
What is the remainder when 48398 is divided by 16?
14
What is the remainder when 47218 is divided by 14?
10
Calculate the remainder when 897894 is divided by 169.
166
Calculate the remainder when 9926 is divided by 1231.
78
Calculate the remainder when 146322 is divided by 328.
34
What is the remainder when 11901 is divided by 3922?
135
Calculate the remainder when 15847 is divided by 54.
25
What is the remainder when 294399 is divided by 200?
199
What is the remainder when 1987 is divided by 317?
85
Calculate the remainder when 49477 is divided by 24675.
127
What is the remainder when 34732 is divided by 1233?
208
Calculate the remainder when 71228 is divided by 1273.
1213
What is the remainder when 6631 is divided by 828?
7
Calculate the remainder when 77984 is divided by 4104.
8
Calculate the remainder when 388605 is divided by 128.
125
What is the remainder when 213819 is divided by 15?
9
What is the remainder when 87691 is divided by 737?
725
What is the remainder when 14258 is divided by 53?
1
What is the remainder when 38184 is divided by 1095?
954
Calculate the remainder when 569886 is divided by 8.
6
Calculate the remainder when 157194 is divided by 50.
44
Calculate the remainder when 13549 is divided by 15.
4
What is the remainder when 6218 is